6*i + 14. Let v(o) = -4*o**3 + 12*o**2 - 7*o - 15. Let r(n) = -5*j(n) - 6*v(n). Is r(-9) prime?
False
Let s be 1/3 - (-34)/6. Let w(t) = -6 + 11 + t + s. Is w(12) a composite number?
False
Let g = -2604 + 17527. Is g a prime number?
True
Let q(y) = 13*y - 5. Let o = 13 - 7. Suppose -i = -o*i + 35. Is q(i) prime?
False
Suppose 5*g = n + 35350, -3*g - 4620 = 4*n - 25807. Is g composite?
False
Let b = 9870 + -5761. Is b prime?
False
Let h(p) be the second derivative of -p**5/20 - 4*p**4/3 + 5*p**3/6 + 19*p**2/2 + 37*p. Is h(-17) composite?
False
Let k be (-6)/(-1) + (-1 - -1). Suppose -5*v + 3545 + 3080 = 0. Suppose -r - v = -k*r. Is r a prime number?
False
Suppose 1058 = -6*b + 11630. Is b a prime number?
False
Let n = 104 - -80. Let m = n - 312. Is -3 + 2 - m - 0 prime?
True
Suppose -5*k + 34618 + 55377 = 0. Is k a prime number?
False
Suppose -4*a - 16 = -4*u, -2*u - 4 + 10 = -4*a. Let v = 169 + -167. Is a/((-351)/(-174) - v) prime?
False
Let n = -3692 + 6798. Is n prime?
False
Let b(z) = 241*z**2 + 3*z + 3. Is b(-4) a prime number?
True
Let s = 988 + 16875. Is s a composite number?
False
Suppose -2*z + q = -8 + 20, -4*q - 16 = 0. Let y = z - -10. Is 489/3 - 4/y composite?
True
Let m(h) = -h. Let q(u) = -7*u + 5. Let x(i) = 4*m(i) - q(i). Let c be x(3). Suppose -5*p - v = -398, 0*v = -c*v + 12. Is p prime?
True
Suppose 0 = -f + 1 + 13. Suppose -j - 4*x = 3 - 0, f = 4*j + 3*x. Suppose j*o + 661 = 4166. Is o composite?
False
Suppose -r - 729 = -a, r - 969 = -5*a + 2664. Suppose -5*q + 0*q - 3*z - 1237 = 0, -246 = q + 2*z. Let k = a + q. Is k a composite number?
False
Let z(a) = 544*a + 274. Is z(10) composite?
True
Let s be (1/(-4))/((-2)/39112). Suppose 0 = -6*x + 19739 - s. Suppose -2*p - x = -0*h - 5*h, 3*h - 5*p - 1466 = 0. Is h prime?
False
Let y(s) = 20*s. Let i be y(1). Let f(j) = 2*j**2 + 4*j + 99. Let z be f(-21). Suppose -23*l + z = -i*l. Is l a prime number?
False
Let v(k) = 2*k**3 - 5*k**2 + 4*k - 35. Is v(8) a prime number?
True
Let u = -224 + 804. Let l be (-4)/((-2)/u*4). Is (4/5)/(4/l) a composite number?
True
Let x be 3/(-4) - 11/((-440)/11030). Let i(m) = 6*m**3 - m**2 + m. Let g be i(-2). Let n = x - g. Is n a prime number?
False
Suppose 0 = -j + 3*j + 2*l - 20, -j + 3*l + 2 = 0. Suppose -5*u - 4*q = -2*u - 10, u = q + j. Is (-1264)/(-5) - u/(-30) composite?
True
Let v(r) = 10*r + 20. Let p(h) = 15*h + 30. Let k(y) = -5*p(y) + 8*v(y). Let t be k(-3). Is (t - 2/(-1)) + 172 prime?
False
Let d = -8018 + 13171. Is d composite?
False
Suppose -n + 5*v + 79 = 0, -5*n = -n + v - 316. Suppose 11*o - n = 10*o. Is o composite?
False
Let g = -12 - -14. Let t(x) = 23*x**2 - 1. Let f be t(-1). Suppose 132 + f = g*j. Is j a composite number?
True
Let w(h) = -h**3 - 21*h**2 - 25*h - 30. Is w(-23) a composite number?
True
Let n(g) = -3*g - 11*g - 2*g + 25 - 6*g. Is n(-7) composite?
False
Suppose 1207*f = 1219*f - 145812. Is f a composite number?
True
Suppose 0 = -5*f + 8*f + 1482. Is 13 + -16 + -1*1*f prime?
True
Suppose -a + 1355 = -b, 2*b - 4103 = -4*a + 1311. Let d = a + -681. Is d composite?
False
Is 30430/4 - (7/2 - 3) a composite number?
False
Is ((-2)/6)/((198/(-73791))/22) a prime number?
False
Let i(a) = 2*a**3 - 2*a**2 + 13*a - 12. Let p(q) = -3*q + 41. Let s be p(12). Is i(s) prime?
False
Let c be (1616/(-48))/(10/12 - 1). Let w = c + 9. Is w prime?
True
Suppose 0 = -2*p + 6*p - 12. Suppose -p*c - c + 508 = 0. Is c composite?
False
Let r be (-480)/42 - (-12)/(-21). Is 248 + (1*3)/((-12)/r) prime?
True
Let o be (-1 + 60/(-16))*388. Let i = o - -4656. Is i a prime number?
False
Suppose -l + 8 + 11 = 2*d, -5*l = -4*d + 31. Is 9777/d - (-4)/6 a prime number?
True
Let x(d) = -2*d**3 + 14*d**2 - 6*d - 29. Let v be x(13). Let z = -156 - v. Is z prime?
True
Suppose -3*b = b - 2*a - 48, 2*b - 3*a - 16 = 0. Let r(x) = 24*x + 7. Let d(n) = 74*n + 20. Let i(y) = 4*d(y) - 11*r(y). Is i(b) a prime number?
False
Suppose 0*p + p = -a + 426, 2085 = 5*a - 4*p. Let x = a + -244. Is x a composite number?
True
Is 2 - 2/1*34544/(-32) a prime number?
True
Suppose -c - 1 + 4 = 0. Suppose -c*h = 2*h - 640. Let b = h + -39. Is b composite?
False
Let p(v) = 21*v**2 + v + 1. Suppose 4*s = s + 60. Let x = s + -22. Is p(x) a composite number?
False
Suppose 4*y - 162 = y. Let d be (-592)/6*y/(-8). Suppose 2*h - d = 7*a - 3*a, 0 = 2*a - 6. Is h a composite number?
True
Is (-2)/2 - (-49853 + 14)*1 a prime number?
False
Is (-693)/(-35) + (-4)/5 composite?
False
Let b(y) = y + 7. Let u be b(-5). Suppose -5*r = 10, -4*a - u*r + 17 = -287. Is a a prime number?
False
Let m = -1521 - -11264. Is m a composite number?
False
Let c(q) be the third derivative of 1/12*q**4 + 0 - 10*q**2 + 0*q + 11/60*q**5 + q**3. Is c(-2) a composite number?
True
Suppose 0*q = q - 322. Suppose 2*d - 4*d = -q. Is d a prime number?
False
Let g(p) = -p**3 + 6*p**2 + 8*p - 3. Let h be g(7). Let q be 18/45 - h/10. Suppose q = 8*x - 3*x - 1055. Is x prime?
True
Let f(s) = 34*s**2 - 73*s - 14. Is f(15) composite?
True
Suppose -768441 = 87*t - 2631546. Is t prime?
False
Let z(t) = 4703*t**2 + 2*t + 2. Let h be ((0 - -4) + -2)/(17 - 19). Is z(h) composite?
False
Let k = 27 + -32. Is (-2 + -365)*(k - 0) a prime number?
False
Suppose -3*a + 5*s - 9424 = -6*a, a - 3138 = -s. Is 1/3*(a - -14) composite?
False
Suppose f + 2*q = 14, 26 = -0*f + 3*f + 2*q. Suppose 0 = -8*c + f*c + 20. Is c a composite number?
True
Suppose -2*o + 45568 = 3*p, 3*o + 28*p = 29*p + 68363. Is o composite?
False
Let n(x) = 70*x + 4. Suppose 0 = -4*j + 2*a - 22, -13 = j - 2*a - a. Let h be n(j). Let z = h + 419. Is z a composite number?
True
Suppose -2*x = -0*x + 2*d - 2, 6 = -2*x - 4*d. Let r(v) = -13*v - 2 - v**2 + x*v - 6*v. Is r(-12) a prime number?
False
Let w = -21 - -23. Suppose 4*f - 5*t = 4302, 0 = -0*f - w*f + 4*t + 2154. Is f a composite number?
True
Let m(l) = -7*l + 4*l + 3*l - 3 - 10*l. Is m(-10) a prime number?
True
Let b = -2302 + 7118. Suppose d + 5*p = 1973, -5049 - b = -5*d - 5*p. Is d prime?
True
Suppose 0 = 5*w - 78 - 27. Let y be (-4)/(-14) - (-2115)/w. Suppose 4*d - 1060 = -3*h, 3*d = h + 694 + y. Is d composite?
True
Suppose 16*x - 15081 - 24967 = 0. Is x prime?
True
Let q = 56459 - 28022. Is q a prime number?
False
Suppose -2*d - 17 - 15 = 0. Let b = -13 - d. Is b/(-2) + (-3084)/(-24) a composite number?
False
Suppose 2*t + 1484 = -2*t - 5*v, -3*t - 1144 = -4*v. Let h = -233 - t. Is h composite?
True
Let s = 104 + -157. Let i = -164 + s. Let m = i - -312. Is m prime?
False
Let f(w) = -w**2 + 15*w - 11. Let n be (5/5)/(1/14). Let p be f(n). Suppose -p*y = -14 - 49. Is y a composite number?
True
Let h = 88 - 83. Suppose 0*u = u - 3, -h*t = -u - 3152. Is t a composite number?
False
Is 38/76*(760 + (0 - -2)) a composite number?
True
Let m be 48/(-64) - 1310/(-8). Suppose 3*b + m = 544. Is b composite?
False
Suppose -22*v = -11*v - 22319. Is v a composite number?
False
Let g = 5835 + -1772. Is g prime?
False
Let p(f) = 10*f**2 - f + 17. Let g be 39/6 - 4/8. Is p(g) prime?
False
Let i(c) = c - 1. Let a be i(3). Suppose -4*l + 891 = 5*b, -4*l = -0*b - a*b + 362. Is b prime?
True
Let y = 2135 - 1117. Is y a composite number?
True
Let a = -75 - -80. Suppose 0 = -a*j - 0*j + 5905. Is j a prime number?
True
Suppose -k = 8*k - 15192. Suppose 2*r - k = -2*r. Is r prime?
False
Let r = -93147 + 158434. Is r prime?
True
Suppose 5*n - 755 = -235. Suppose 3*k = n - 17. Let g = 134 + k. Is g a composite number?
False
Let r = 49497 + -31886. Suppose -8*m = 3*m - r. Is m prime?
True
Let a = -32 + 33. Let w(y) = y**3 - 4*y**2 - y + 5. Let o be w(4). Is 210 - (o + (a - 3)) a composite number?
False
Let l = -5 - -8. Suppose t + 479 = 2*z - 2194, -l*t + 3 = 0. Suppose -3*q + z = 4*q. Is q prime?
True
Let w = 4056 + -47. Is w prime?
False
Suppose -3*s + 32 = -103. Suppose -y + 261 = 5*r, -s - 20 = -r + 3*y. Suppose 0 = x, -2*q + 419 = 2*x + r. Is q composite?
True
Let g be (-9105)/(-35) - (-2)/(-14). Suppose -4*u + g = -1652. Is u composite?
True
Suppose 5*g - 8065 - 1770 = 0. Is g a prime number?
False
Suppose 0 = -4*r - 2*y + 74826, 4 = 2*y + 6. Is r composite?
True
Let n(v) = v**3 - 23*v**2 + 23*v - 19. Let z be n(22). Suppose -436 = -3*r - 2*g, -z*r - 2*g - g = -441. Is r a prime number?
False
Suppose -4*j + 204023 = -5*v, -1